{"id":5732,"date":"2016-07-13T11:26:38","date_gmt":"2016-07-13T11:26:38","guid":{"rendered":"http:\/\/laesalud.com\/startupehealth\/?page_id=5732"},"modified":"2019-06-17T10:14:57","modified_gmt":"2019-06-17T08:14:57","slug":"asesoramiento","status":"publish","type":"page","link":"http:\/\/laesalud.com\/startupehealth\/asesoramiento\/","title":{"rendered":"Mentorizaci\u00f3n en eSalud"},"content":{"rendered":"<p>[vc_row top=\u00bb180px\u00bb bottom=\u00bb120px\u00bb content_fadeout=\u00bbcontent-fadeout\u00bb overlay_pattern=\u00bbsm_cell_b\u00bb overlay_pattern_op=\u00bb0.1&#8243; bg_color=\u00bb#3e4058&#8243;][vc_column][vc_column_text]<\/p>\n<h1 style=\"text-align: center;\"><span style=\"color: #ffffff;\">MENTORIZACI\u00d3N<\/span><\/h1>\n<h5 style=\"text-align: center;\"><span style=\"color: #ffffff;\">EHEALTH STARTUP PROGRAM<\/span><\/h5>\n<p>[\/vc_column_text][\/vc_column][\/vc_row][vc_row top=\u00bb80px\u00bb bottom=\u00bb80px\u00bb bg_color=\u00bb#fafaf9&#8243;][vc_column][vc_column_text]<\/p>\n<h2 style=\"font-size: 25px; text-align: center;\">PROGRAMA DE ACELERACI\u00d3N A STARTUPS DE ESALUD<\/h2>\n<h6 style=\"text-align: center;\"><span style=\"color: #a9b4b9;\"><strong>AIES ESALUD<\/strong><\/span><\/h6>\n<p>[\/vc_column_text][vc_empty_space height=\u00bb20px\u00bb][\/vc_column][\/vc_row][vc_row top=\u00bb0px\u00bb bottom=\u00bb30px\u00bb row_seperator=\u00bbno-seperator\u00bb][vc_column width=\u00bb2\/3&#8243;][vc_column_text]<\/p>\n<h3 style=\"font-size: 25px;\">MENTORIZACI\u00d3N EN ESALUD<\/h3>\n<p>[\/vc_column_text][vc_column_text]La <strong>mentorizaci\u00f3n en <a title=\"\u00bfQu\u00e9 es la eSalud?\" href=\"http:\/\/laesalud.com\/que-es-esalud\/\">eSalud<\/a>;<\/strong>\u00a0es el proceso mediante el cual el mentor <strong>potencia las capacidades y habilidades de los integrantes de la <em>startup eHealth<\/em><\/strong>. El asesoramiento especializado mejora y fortalece un proyecto al tiempo que resuelve las dudas de sus mentorizados.<\/p>\n<p>El <strong>mentor<\/strong>, o <em>coach<\/em>, puede definirse\u00a0como:<\/p>\n<ul>\n<li>una necesidad empresarial para mejorar<\/li>\n<li>una herramienta para fortalecer nuestro proyecto<\/li>\n<li>un modelo a seguir<\/li>\n<li>un consejero y\u00a0maestro que da salida a nuestras\u00a0posibles dudas a la hora de saber emprender<\/li>\n<\/ul>\n<p>Poner en marcha un proyecto, tu propia empresa, puede ser un camino que se haga cuesta arriba, aunque si contamos con el <strong>consejo<\/strong> y la<strong> experiencia<\/strong> de un mentor, el resultado ser\u00e1 m\u00e1s sencillo de lo que parece.<\/p>\n<p>Un gran n\u00famero de emprendedores han conseguido tener \u00e9xito gracias a los servicios de mentorizaci\u00f3n y a las experiencias de\u00a0\u00e9xito empresarial.[\/vc_column_text][\/vc_column][vc_column width=\u00bb1\/3&#8243;][vc_empty_space height=\u00bb10px\u00bb][vc_column_text]<\/p>\n<p style=\"text-align: center;\"><span style=\"font-size: 24px; font-weight: 200;\">El asesoramiento mejora y<strong> fortalece un proyecto de salud digital<\/strong> al tiempo que resuelve las dudas de sus mentorizados<\/span><\/p>\n<p>[\/vc_column_text][\/vc_column][\/vc_row][vc_row full_content_width=\u00bbrow-inner-full\u00bb top=\u00bb0px\u00bb bottom=\u00bb0px\u00bb row_separator=\u00bbrow-line-separator\u00bb bg_color=\u00bb#3e4058&#8243;][vc_column width=\u00bb1\/2&#8243; offset=\u00bbvc_col-lg-8 vc_hidden-sm vc_hidden-xs\u00bb][\/vc_column][vc_column slope_left=\u00bbslope-left\u00bb slope_left_dir=\u00bbslope-left-bottom\u00bb width=\u00bb1\/2&#8243; css_animation=\u00bbright-to-left\u00bb slope_left_color=\u00bb#ffffff\u00bb css=\u00bb.vc_custom_1430670180323{padding-top: 60px !important;padding-right: 80px !important;padding-bottom: 60px !important;padding-left: 60px !important;background-color: #ffffff !important;}\u00bb offset=\u00bbvc_col-lg-offset-0 vc_col-lg-4 vc_col-md-offset-0 vc_col-sm-offset-6&#8243;][vc_heading h_size=\u00bbh-large\u00bb title=\u00bbMentores\u00bb title_color=\u00bb#4e6278&#8243; subtitle=\u00bbEquipo\u00bb subtitle_color=\u00bb#8091a3&#8243; divider=\u00bbdiv-below\u00bb divider_type=\u00bbdiv-wide\u00bb divider_color=\u00bb#fc625a\u00bb alignment=\u00bbalign-left\u00bb css_animation=\u00bbright-to-left\u00bb][vc_empty_space height=\u00bb10px\u00bb][vc_column_text css_animation=\u00bbright-to-left\u00bb]Un equipo multidisciplinar experto en el\u00a0asesoramiento empresarial y el desarrollo de estrategias de negocio para emprendedores.[\/vc_column_text][vc_empty_space height=\u00bb30px\u00bb][vc_button title=\u00bbVer m\u00e1s\u00bb size=\u00bbbtn-medium\u00bb type=\u00bbentypo\u00bb icon_entypo=\u00bbentypo-icon entypo-icon-right-open-mini\u00bb icon_pos=\u00bbicon-right\u00bb color=\u00bbbtn_blue\u00bb css_animation=\u00bbbottom-to-top\u00bb css_animation_delay=\u00bbdelay-400&#8243; link=\u00bburl:http%3A%2F%2Flaesalud.com%2Fstartupehealth%2Fequipo-mentores||\u00bb][\/vc_column][\/vc_row][vc_row top=\u00bb0px\u00bb bottom=\u00bb0px\u00bb row_separator=\u00bbrow-line-separator\u00bb textalign=\u00bbcenter\u00bb][vc_column width=\u00bb1\/12&#8243;][\/vc_column][vc_column width=\u00bb10\/12&#8243;][vc_empty_space height=\u00bb100px\u00bb][vc_column_text]<\/p>\n<p style=\"font-size: 33px; text-align: center;\"><span style=\"color: #363b3e;\"><strong>\u00bfD\u00d3NDE ENCONTRAR AL MEJOR MENTOR?<\/strong><\/span><\/p>\n<p>[\/vc_column_text][vc_empty_space height=\u00bb10px\u00bb][vc_column_text]<\/p>\n<p style=\"text-align: center;\"><span style=\"font-size: 24px; font-weight: 200;\">Solicitamos su <strong>opini\u00f3n<\/strong> sobre aspectos espec\u00edficos, pero <strong>la \u00faltima decisi\u00f3n es del emprendedor<\/strong><\/span><\/p>\n<p>[\/vc_column_text][\/vc_column][vc_column width=\u00bb1\/12&#8243;][\/vc_column][vc_column][vc_empty_space height=\u00bb45px\u00bb][vc_single_image image=\u00bb5760&#8243; img_size=\u00bb1000&#215;500&#8243; alignment=\u00bbcenter\u00bb][\/vc_column][\/vc_row][vc_row top=\u00bb40px\u00bb bottom=\u00bb\u00bb][vc_column][vc_empty_space height=\u00bb20px\u00bb][vc_column_text]<\/p>\n<p style=\"font-size: 25px;\"><span style=\"color: #363b3e;\"><strong>UNA OPORTUNIDAD DE CRECIMIENTO PERSONAL Y PROFESIONAL<\/strong><\/span><\/p>\n<p>[\/vc_column_text][vc_column_text]Encontrar un mentor adecuado a veces es una tarea complicada, pero vale la pena tener un modelo que nos sirva de gu\u00eda. \u00bfTendr\u00edamos que contar siempre con un \u00fanico mentor? Se puede empezar buscando qui\u00e9nes pueden ser los mejores, los m\u00e1s interesantes en la industria de nuestra startup y estudiar una manera de acercarse a ellos con respeto y determinaci\u00f3n.<\/p>\n<p>Hay muchas organizaciones, empresas y programas que ofrecen oportunidades de <em>networking<\/em> para ampliar su red de contactos.\u00a0Mentores tambi\u00e9n existen en miembros de nuestras familias, profesores, compa\u00f1eros o amigos. Entre un grupo de emprendedores con ganas de tener \u00e9xito, un mentor querr\u00e1 colaborar y tener una <strong>relaci\u00f3n profesional<\/strong> m\u00e1s comprometida si el mentorizado demuestra\u00a0una actitud clara de querer aprender y tener disposici\u00f3n.<\/p>\n<p>De todos modos, no hay que olvidar la transparencia a la hora de comunicarnos con nuestro mentor. Siempre valoraremos su <strong>punto de vista<\/strong> y por ello <strong>solicitamos su opini\u00f3n sobre aspectos espec\u00edficos<\/strong> de la empresa, pero<strong> la \u00faltima decisi\u00f3n de todo, es del emprendedor<\/strong>. Despu\u00e9s de todo, no es solo el mentorizado quien se beneficia de la relaci\u00f3n, sino que el mentor tambi\u00e9n tiene una oportunidad de <strong>crecimiento personal.<\/strong>[\/vc_column_text][\/vc_column][\/vc_row][vc_row top=\u00bb30px\u00bb bottom=\u00bb50px\u00bb][vc_column width=\u00bb1\/2&#8243;][vc_single_image image=\u00bb5784&#8243; img_size=\u00bb1000&#215;500&#8243; alignment=\u00bbcenter\u00bb][vc_empty_space height=\u00bb20px\u00bb][vc_heading title=\u00bbFunciones de un mentor\u00bb alignment=\u00bbalign-left\u00bb][vc_column_text]Los mentores no s\u00f3lo proporcionan un <strong>asesoramiento empresarial<\/strong> sino que <strong>motivan y apoyan<\/strong> al emprendedor de forma personalizada,\u00a0evitando los fallos y trampas en los que pueda caer\u00a0desde\u00a0un <strong>punto de vista cr\u00edtico<\/strong> y con un objetivo muy claro: <strong>mostrar las fortalezas y debilidades que ha visto en su empresa.<\/strong>[\/vc_column_text][vc_empty_space height=\u00bb20px\u00bb][\/vc_column][vc_column width=\u00bb1\/2&#8243;][vc_single_image image=\u00bb5782&#8243; img_size=\u00bb1000&#215;500&#8243; alignment=\u00bbcenter\u00bb][vc_empty_space height=\u00bb20px\u00bb][vc_heading title=\u00bbFunciones de un mentorizado \u00bb alignment=\u00bbalign-left\u00bb][vc_column_text]El mentorizado debe ser capaz de establecer un<strong> plan de acci\u00f3n<\/strong> que incluya los <strong>objetivos<\/strong> que le gustar\u00eda alcanzar a trav\u00e9s de la mentorizaci\u00f3n del asesor pero, recordando, que\u00a0<strong>el mentorizado es\u00a0el \u00fanico responsable del \u00e9xito o fracaso<\/strong>\u00a0de su proyecto empresarial.[\/vc_column_text][\/vc_column][\/vc_row][vc_row full_content_width=\u00bbrow-inner-full\u00bb bg_type=\u00bbimage\u00bb parallax_bg=\u00bbparallax-bg\u00bb scale_bg=\u00bbscale-bg\u00bb bg_position=\u00bb\u00bb row_mobile_style=\u00bbipad_full_width\u00bb bg_color=\u00bb#3e4058&#8243; bg_image=\u00bb5813&#8243;][vc_column width=\u00bb1\/6&#8243;][\/vc_column][vc_column width=\u00bb2\/3&#8243;][vc_column_text css=\u00bb.vc_custom_1470147097039{padding-top: 15px !important;}\u00bb]<\/p>\n<h4 style=\"font-size: 25px; text-align: center;\"><span style=\"color: #74cef2;\"><strong>EHEALTH STARTUP PROGRAM<\/strong><\/span><\/h4>\n<p style=\"text-align: center;\"><span style=\"color: #ffffff;\">Un proyecto de la Asociaci\u00f3n de Investigadores en eSalud (AIES)<\/span><\/p>\n<p>[\/vc_column_text][vc_promo_box style=\u00bbtwc_pb_centered\u00bb b_text=\u00bbPROGRAMA\u00bb b_radius=\u00bb\u00bb second_button=\u00bbtrue\u00bb b2_text=\u00bbCONTACTO\u00bb b2_radius=\u00bb\u00bb css_animation=\u00bbbottom-to-top\u00bb heading_color=\u00bb#74cef2&#8243; text_color=\u00bb#ffffff\u00bb b_text_color=\u00bb#ffffff\u00bb b_bg_color=\u00bbrgba(116,206,242,0.3)\u00bb b_border_color=\u00bb#74cef2&#8243; bh_text_color=\u00bb#ffffff\u00bb bh_bg_color=\u00bb#3e4058&#8243; b2_text_color=\u00bb#ffffff\u00bb b2_bg_color=\u00bbrgba(255,255,255,0.1)\u00bb b2_border_color=\u00bb#ffffff\u00bb b2h_text_color=\u00bb#3e4058&#8243; b2h_bg_color=\u00bb#ffffff\u00bb link=\u00bburl:http%3A%2F%2Flaesalud.com%2Fstartupehealth%2Fprograma||\u00bb link2=\u00bburl:http%3A%2F%2Flaesalud.com%2Fstartupehealth%2Fcontacto||\u00bb][\/vc_column][vc_column width=\u00bb1\/6&#8243;][\/vc_column][\/vc_row]<\/p>\n","protected":false},"excerpt":{"rendered":"<p>[vc_row top=\u00bb180px\u00bb bottom=\u00bb120px\u00bb content_fadeout=\u00bbcontent-fadeout\u00bb overlay_pattern=\u00bbsm_cell_b\u00bb overlay_pattern_op=\u00bb0.1&#8243; bg_color=\u00bb#3e4058&#8243;][vc_column][vc_column_text] MENTORIZACI\u00d3N EHEALTH STARTUP PROGRAM [\/vc_column_text][\/vc_column][\/vc_row][vc_row top=\u00bb80px\u00bb bottom=\u00bb80px\u00bb bg_color=\u00bb#fafaf9&#8243;][vc_column][vc_column_text] PROGRAMA DE ACELERACI\u00d3N A STARTUPS DE ESALUD AIES ESALUD [\/vc_column_text][vc_empty_space height=\u00bb20px\u00bb][\/vc_column][\/vc_row][vc_row top=\u00bb0px\u00bb bottom=\u00bb30px\u00bb row_seperator=\u00bbno-seperator\u00bb][vc_column width=\u00bb2\/3&#8243;][vc_column_text] MENTORIZACI\u00d3N EN ESALUD [\/vc_column_text][vc_column_text]La mentorizaci\u00f3n en eSalud;\u00a0es el proceso mediante el cual el mentor potencia las capacidades y habilidades de los integrantes de la startup eHealth. El asesoramiento especializado mejora y fortalece un proyecto al tiempo que resuelve las dudas de sus mentorizados. El mentor,&#8230;  <\/p>\n<div class=\"read-more\"><a class=\"excerpt-read-more\" href=\"http:\/\/laesalud.com\/startupehealth\/asesoramiento\/\" title=\"Continue reading Mentorizaci\u00f3n en eSalud\">Read more<i class=\"fa fa-angle-right\"><\/i><\/a><\/div>\n","protected":false},"author":1,"featured_media":0,"parent":0,"menu_order":0,"comment_status":"closed","ping_status":"closed","template":"page-full-width.php","meta":{"spay_email":""},"jetpack_sharing_enabled":true,"jetpack_shortlink":"https:\/\/wp.me\/P7Ijls-1us","_links":{"self":[{"href":"http:\/\/laesalud.com\/startupehealth\/wp-json\/wp\/v2\/pages\/5732"}],"collection":[{"href":"http:\/\/laesalud.com\/startupehealth\/wp-json\/wp\/v2\/pages"}],"about":[{"href":"http:\/\/laesalud.com\/startupehealth\/wp-json\/wp\/v2\/types\/page"}],"author":[{"embeddable":true,"href":"http:\/\/laesalud.com\/startupehealth\/wp-json\/wp\/v2\/users\/1"}],"replies":[{"embeddable":true,"href":"http:\/\/laesalud.com\/startupehealth\/wp-json\/wp\/v2\/comments?post=5732"}],"version-history":[{"count":63,"href":"http:\/\/laesalud.com\/startupehealth\/wp-json\/wp\/v2\/pages\/5732\/revisions"}],"predecessor-version":[{"id":6204,"href":"http:\/\/laesalud.com\/startupehealth\/wp-json\/wp\/v2\/pages\/5732\/revisions\/6204"}],"wp:attachment":[{"href":"http:\/\/laesalud.com\/startupehealth\/wp-json\/wp\/v2\/media?parent=5732"}],"curies":[{"name":"wp","href":"https:\/\/api.w.org\/{rel}","templated":true}]}}