{"id":5912,"date":"2016-07-27T15:34:13","date_gmt":"2016-07-27T15:34:13","guid":{"rendered":"http:\/\/laesalud.com\/startupehealth\/?page_id=5912"},"modified":"2019-06-17T10:14:47","modified_gmt":"2019-06-17T08:14:47","slug":"organizadores","status":"publish","type":"page","link":"http:\/\/laesalud.com\/startupehealth\/organizadores\/","title":{"rendered":"Organizadores"},"content":{"rendered":"<p>[vc_row top=\u00bb180px\u00bb bottom=\u00bb120px\u00bb content_fadeout=\u00bbcontent-fadeout\u00bb overlay_pattern=\u00bbsm_cell_b\u00bb overlay_pattern_op=\u00bb0.1&#8243; bg_color=\u00bb#3e4058&#8243;][vc_column][vc_column_text]<\/p>\n<h1 style=\"text-align: center;\"><span style=\"color: #ffffff;\">INSTITUCIONES ORGANIZADORAS<\/span><\/h1>\n<h5 style=\"text-align: center;\"><span style=\"color: #ffffff;\">EHEALTH STARTUP PROGRAM<\/span><\/h5>\n<p>[\/vc_column_text][\/vc_column][\/vc_row][vc_row top=\u00bb80px\u00bb bottom=\u00bb80px\u00bb bg_color=\u00bb#fafaf9&#8243;][vc_column][vc_column_text]<\/p>\n<h2 style=\"font-size: 25px; text-align: center;\">PROGRAMA DE ACELERACI\u00d3N A STARTUPS DE ESALUD<\/h2>\n<h6 style=\"text-align: center;\"><span style=\"color: #a9b4b9;\"><strong>AIES ESALUD<\/strong><\/span><\/h6>\n<p>[\/vc_column_text][vc_empty_space height=\u00bb20px\u00bb][\/vc_column][\/vc_row][vc_row top=\u00bb0px\u00bb bottom=\u00bb30px\u00bb row_seperator=\u00bbno-seperator\u00bb][vc_column][vc_column_text]<\/p>\n<h3 style=\"font-size: 25px;\">ASOCIACI\u00d3N DE INVESTIGADORES EN ESALUD DE ESPA\u00d1A (AIES)<\/h3>\n<p>[\/vc_column_text][vc_column_text]La <strong><a title=\"Asociaci\u00f3n de Investigadores en eSalud (AIES)\" href=\"http:\/\/aiesalud.com\/\">Asociaci\u00f3n de Investigadores en eSalud (AIES)<\/a><\/strong> es una entidad multidisplinar sin \u00e1nimo de lucro formada por distintos profesionales relacionados con las Tecnolog\u00edas de Informaci\u00f3n y Comunicaci\u00f3n (TICs) aplicadas a la salud (eSalud).<\/p>\n<p>La asociaci\u00f3n trabaja para impulsar la <strong>formaci\u00f3n especializada<\/strong> en el uso de las nuevas tecnolog\u00edas por los profesionales de la salud y los pacientes; la<strong> innovaci\u00f3n<\/strong> y la estimulaci\u00f3n de la investigaci\u00f3n e implantaci\u00f3n de nuevos proyectos en el terreno de la <a title=\"\u00bfQu\u00e9 es la eSalud?\" href=\"http:\/\/laesalud.com\/que-es-esalud\/\">eSalud<\/a>; el <strong><em>networking<\/em><\/strong> entre empresas y trabajadores del sector; y la organizaci\u00f3n de <strong>eventos sanitarios<\/strong> para dar a conocer todas las nuevas iniciativas en este \u00e1mbito.<\/p>\n<p>La introducci\u00f3n de estas tecnolog\u00edas a la <strong>asistencia sanitaria<\/strong> es el principal objetivo de AIES eSalud. Para ello trabaja en la edici\u00f3n de estudios y publicaciones, organizar\u00e1 eventos, capacita a profesionales sanitarios y ofrece servicios de consultor\u00eda de calidad en el desarrollo de aplicaciones, programas y dispositivos para la salud.[\/vc_column_text][\/vc_column][\/vc_row][vc_row top=\u00bb10px\u00bb bottom=\u00bb40px\u00bb bg_color=\u00bb#fafaf9&#8243;][vc_column][vc_heading title=\u00bbAIES eSalud\u00bb subtitle=\u00bbInvestigaci\u00f3n en eHealth\u00bb divider=\u00bbdiv-between\u00bb divider_color=\u00bb#3e4058&#8243;][\/vc_column][\/vc_row][vc_row top=\u00bb10px\u00bb bottom=\u00bb40px\u00bb bg_video_opacity=\u00bb1&#8243; row_seperator=\u00bbno-seperator\u00bb bg_color=\u00bb#fafaf9&#8243;][vc_column width=\u00bb1\/4&#8243;][vc_service type=\u00bbsimplelineicons\u00bb icon_simplelineicons=\u00bbicon-paper-clip\u00bb title=\u00bbFormaci\u00f3n especializada\u00bb icon_position=\u00bbsb_center\u00bb target=\u00bb_self\u00bb position=\u00bbsb_center\u00bb icon_name=\u00bbicon-vector\u00bb icon_color=\u00bb#3e4058&#8243;]Uso de las TICs por profesionales de salud y pacientes.[\/vc_service][\/vc_column][vc_column width=\u00bb1\/4&#8243;][vc_service type=\u00bblinecons\u00bb icon_linecons=\u00bbvc_li vc_li-fire\u00bb title=\u00bbInnovaci\u00f3n \u00bb icon_position=\u00bbsb_center\u00bb target=\u00bb_self\u00bb position=\u00bbsb_center\u00bb icon_name=\u00bbli_diamond\u00bb icon_color=\u00bb#3e4058&#8243;]Investigaci\u00f3n e implantaci\u00f3n de nuevos proyectos en eSalud.[\/vc_service][\/vc_column][vc_column width=\u00bb1\/4&#8243;][vc_service type=\u00bblinecons\u00bb icon_linecons=\u00bbvc_li vc_li-sound\u00bb title=\u00bbNetworking\u00bb icon_position=\u00bbsb_center\u00bb target=\u00bb_self\u00bb position=\u00bbsb_center\u00bb icon_name=\u00bbli_settings\u00bb icon_color=\u00bb#3e4058&#8243;]Entre empresas y trabajadores del sector.[\/vc_service][\/vc_column][vc_column width=\u00bb1\/4&#8243;][vc_service type=\u00bblinecons\u00bb icon_linecons=\u00bbvc_li vc_li-truck\u00bb title=\u00bbEventos sanitarios\u00bb icon_position=\u00bbsb_center\u00bb target=\u00bb_self\u00bb position=\u00bbsb_center\u00bb icon_name=\u00bbli_display\u00bb icon_color=\u00bb#3e4058&#8243;]Difusi\u00f3n de las nuevas iniciativas en eSalud.[\/vc_service][\/vc_column][\/vc_row][vc_row full_content_width=\u00bbrow-inner-full\u00bb bg_type=\u00bbimage\u00bb parallax_bg=\u00bbparallax-bg\u00bb scale_bg=\u00bbscale-bg\u00bb bg_position=\u00bb\u00bb row_mobile_style=\u00bbipad_full_width\u00bb bg_color=\u00bb#3e4058&#8243; bg_image=\u00bb5813&#8243;][vc_column width=\u00bb1\/6&#8243;][\/vc_column][vc_column width=\u00bb2\/3&#8243;][vc_column_text css=\u00bb.vc_custom_1470146874532{padding-top: 15px !important;}\u00bb]<\/p>\n<h4 style=\"font-size: 25px; text-align: center;\"><span style=\"color: #74cef2;\"><strong>EHEALTH STARTUP PROGRAM<\/strong><\/span><\/h4>\n<p style=\"text-align: center;\"><span style=\"color: #ffffff;\">Un proyecto de la Asociaci\u00f3n de Investigadores en eSalud (AIES)<\/span><\/p>\n<p>[\/vc_column_text][vc_promo_box style=\u00bbtwc_pb_centered\u00bb b_text=\u00bbPROGRAMA\u00bb b_radius=\u00bb\u00bb second_button=\u00bbtrue\u00bb b2_text=\u00bbCONTACTO\u00bb b2_radius=\u00bb\u00bb css_animation=\u00bbbottom-to-top\u00bb heading_color=\u00bb#74cef2&#8243; text_color=\u00bb#ffffff\u00bb b_text_color=\u00bb#ffffff\u00bb b_bg_color=\u00bbrgba(116,206,242,0.3)\u00bb b_border_color=\u00bb#74cef2&#8243; bh_text_color=\u00bb#ffffff\u00bb bh_bg_color=\u00bb#3e4058&#8243; b2_text_color=\u00bb#ffffff\u00bb b2_bg_color=\u00bbrgba(255,255,255,0.1)\u00bb b2_border_color=\u00bb#ffffff\u00bb b2h_text_color=\u00bb#3e4058&#8243; b2h_bg_color=\u00bb#ffffff\u00bb link=\u00bburl:http%3A%2F%2Flaesalud.com%2Fstartupehealth%2Fprograma||\u00bb link2=\u00bburl:http%3A%2F%2Flaesalud.com%2Fstartupehealth%2Fcontacto||\u00bb][\/vc_column][vc_column width=\u00bb1\/6&#8243;][\/vc_column][\/vc_row]<\/p>\n","protected":false},"excerpt":{"rendered":"<p>[vc_row top=\u00bb180px\u00bb bottom=\u00bb120px\u00bb content_fadeout=\u00bbcontent-fadeout\u00bb overlay_pattern=\u00bbsm_cell_b\u00bb overlay_pattern_op=\u00bb0.1&#8243; bg_color=\u00bb#3e4058&#8243;][vc_column][vc_column_text] INSTITUCIONES ORGANIZADORAS EHEALTH STARTUP PROGRAM [\/vc_column_text][\/vc_column][\/vc_row][vc_row top=\u00bb80px\u00bb bottom=\u00bb80px\u00bb bg_color=\u00bb#fafaf9&#8243;][vc_column][vc_column_text] PROGRAMA DE ACELERACI\u00d3N A STARTUPS DE ESALUD AIES ESALUD [\/vc_column_text][vc_empty_space height=\u00bb20px\u00bb][\/vc_column][\/vc_row][vc_row top=\u00bb0px\u00bb bottom=\u00bb30px\u00bb row_seperator=\u00bbno-seperator\u00bb][vc_column][vc_column_text] ASOCIACI\u00d3N DE INVESTIGADORES EN ESALUD DE ESPA\u00d1A (AIES) [\/vc_column_text][vc_column_text]La Asociaci\u00f3n de Investigadores en eSalud (AIES) es una entidad multidisplinar sin \u00e1nimo de lucro formada por distintos profesionales relacionados con las Tecnolog\u00edas de Informaci\u00f3n y Comunicaci\u00f3n (TICs) aplicadas a la salud (eSalud). La asociaci\u00f3n trabaja para&#8230;  <\/p>\n<div class=\"read-more\"><a class=\"excerpt-read-more\" href=\"http:\/\/laesalud.com\/startupehealth\/organizadores\/\" title=\"Continue reading Organizadores\">Read more<i class=\"fa fa-angle-right\"><\/i><\/a><\/div>\n","protected":false},"author":1,"featured_media":0,"parent":0,"menu_order":0,"comment_status":"closed","ping_status":"closed","template":"page-full-width.php","meta":{"spay_email":""},"jetpack_sharing_enabled":true,"jetpack_shortlink":"https:\/\/wp.me\/P7Ijls-1xm","_links":{"self":[{"href":"http:\/\/laesalud.com\/startupehealth\/wp-json\/wp\/v2\/pages\/5912"}],"collection":[{"href":"http:\/\/laesalud.com\/startupehealth\/wp-json\/wp\/v2\/pages"}],"about":[{"href":"http:\/\/laesalud.com\/startupehealth\/wp-json\/wp\/v2\/types\/page"}],"author":[{"embeddable":true,"href":"http:\/\/laesalud.com\/startupehealth\/wp-json\/wp\/v2\/users\/1"}],"replies":[{"embeddable":true,"href":"http:\/\/laesalud.com\/startupehealth\/wp-json\/wp\/v2\/comments?post=5912"}],"version-history":[{"count":23,"href":"http:\/\/laesalud.com\/startupehealth\/wp-json\/wp\/v2\/pages\/5912\/revisions"}],"predecessor-version":[{"id":6207,"href":"http:\/\/laesalud.com\/startupehealth\/wp-json\/wp\/v2\/pages\/5912\/revisions\/6207"}],"wp:attachment":[{"href":"http:\/\/laesalud.com\/startupehealth\/wp-json\/wp\/v2\/media?parent=5912"}],"curies":[{"name":"wp","href":"https:\/\/api.w.org\/{rel}","templated":true}]}}